9178500 and 125?
125
Calculate the highest common factor of 48433 and 749.
7
What is the highest common divisor of 344845 and 6945?
5
What is the greatest common factor of 35030424 and 10738?
1534
Calculate the greatest common factor of 548850 and 24.
6
What is the greatest common divisor of 106400880 and 1152?
144
What is the highest common factor of 5429 and 500078?
61
What is the highest common factor of 63706113 and 207?
207
What is the highest common factor of 649 and 1804456?
59
Calculate the highest common factor of 1994407 and 20916.
83
What is the greatest common divisor of 42 and 49252854?
42
What is the highest common factor of 21 and 381168459?
21
What is the highest common factor of 25167642 and 516?
258
Calculate the greatest common divisor of 1044 and 16501725.
261
What is the greatest common factor of 14459380 and 6460?
380
What is the highest common factor of 1494 and 5705694?
18
Calculate the greatest common factor of 53223693 and 97337.
893
Calculate the highest common factor of 121578 and 9049632.
5286
What is the greatest common factor of 1444 and 339568?
76
What is the highest common divisor of 200250 and 1623894?
534
What is the greatest common divisor of 148410 and 1435212?
1746
Calculate the highest common divisor of 956 and 18937882.
478
What is the highest common divisor of 465 and 4233205?
155
Calculate the highest common divisor of 59676 and 52098.
6
What is the greatest common factor of 56562164 and 418?
38
Calculate the greatest common divisor of 10052280 and 5110.
70
Calculate the greatest common factor of 13866 and 23028.
6
What is the highest common divisor of 215 and 2546976?
43
Calculate the highest common divisor of 731584 and 42688.
1472
Calculate the highest common factor of 4291 and 42077.
7
Calculate the highest common divisor of 2425 and 12850.
25
Calculate the greatest common factor of 4579803 and 252.
9
What is the highest common divisor of 1831 and 29?
1
What is the greatest common factor of 16756206 and 249?
249
What is the greatest common divisor of 38 and 645092997?
19
What is the highest common factor of 22066 and 27991724?
2006
What is the highest common factor of 584140 and 268?
4
Calculate the greatest common factor of 35220 and 9375.
15
What is the greatest common factor of 7539 and 1365483?
21
Calculate the greatest common divisor of 1282066 and 50807.
1081
What is the greatest common factor of 135069423 and 57?
57
What is the greatest common factor of 69087473 and 37?
37
Calculate the highest common factor of 6222 and 60537.
51
Calculate the greatest common factor of 31328 and 10567216.
176
What is the greatest common divisor of 1214190 and 390?
30
What is the highest common factor of 8332905 and 8540?
2135
What is the highest common divisor of 3 and 73346355?
3
Calculate the highest common divisor of 163638926 and 347952.
14498
Calculate the greatest common factor of 7973 and 3026323.
1139
Calculate the highest common factor of 2430 and 44926650.
810
What is the greatest common factor of 62063 and 359?
1
Calculate the highest common factor of 80017 and 479136.
161
Calculate the greatest common divisor of 75033 and 2187073.
2779
What is the greatest common factor of 76 and 80782414?
38
Calculate the highest common divisor of 391455 and 17130.
15
What is the highest common divisor of 300 and 4792884?
12
Calculate the greatest common divisor of 624180 and 239370.
3030
Calculate the greatest common divisor of 7511 and 3170657.
203
What is the highest common divisor of 114 and 3013552?
38
Calculate the greatest common divisor of 40404 and 4123021.
259
What is the greatest common divisor of 57868 and 555220?
1564
Calculate the greatest common factor of 7814442 and 370866.
3282
What is the highest common divisor of 1223226 and 3510?
18
What is the highest common divisor of 362750 and 14000?
250
What is the highest common divisor of 1151 and 69500833?
1151
What is the greatest common factor of 504 and 8965278?
126
Calculate the highest common divisor of 76458 and 507.
3
What is the greatest common factor of 2408 and 55213720?
344
What is the greatest common divisor of 285572 and 67084?
124
Calculate the greatest common factor of 63840 and 83850480.
1680
Calculate the highest common divisor of 66337854 and 3762.
1254
What is the greatest common factor of 2559 and 220533?
3
Calculate the highest common divisor of 268 and 177656.
4
Calculate the greatest common divisor of 10433639 and 533.
41
Calculate the greatest common divisor of 49570117 and 10359.
1151
Calculate the greatest common factor of 1765939 and 287.
7
What is the highest common divisor of 7482 and 516774?
258
Calculate the greatest common divisor of 3922 and 73324228.
106
Calculate the greatest common divisor of 1316 and 19627153.
329
Calculate the greatest common factor of 35219 and 9832973.
859
Calculate the greatest common factor of 5 and 213972365.
5
Calculate the highest common divisor of 660 and 7218420.
660
What is the highest common factor of 4220468 and 84?
28
Calculate the highest common factor of 131665 and 685.
5
Calculate the highest common divisor of 62344 and 3536.
8
Calculate the greatest common factor of 35235 and 127177209.
7047
What is the highest common divisor of 1184682293 and 89?
89
What is the highest common divisor of 213 and 300989590?
71
Calculate the highest common factor of 8 and 31204072.
8
Calculate the highest common factor of 1447489918 and 19194.
6398
Calculate the greatest common divisor of 432 and 250453168.
16
What is the highest common factor of 179 and 326278873?
179
Calculate the greatest common divisor of 474059496 and 48.
24
What is the greatest common divisor of 4642377 and 1632?
51
What is the highest common divisor of 2403 and 87161883?
267
What is the greatest common factor of 328642067 and 1141?
163
What is the greatest common divisor of 120 and 215204120?
40
What is the highest common factor of 1484717 and 3211?
247
What is the greatest common factor of 48648 and 24888?
24
What is the highest common divisor of 2553 and 28174057?
851
Calculate the highest common divisor of 625328 and 18581.
17
Calculate the highest common divisor of 6474 and 1244904882.
6474
Calculate the greatest common factor of 20 and 118115.
5
Calculate the highest common divisor of 76 and 441948626.
38
What is the highest common divisor of 143775 and 79449?
213
Calculate the greatest common factor of 142841027 and 196.
49
Calculate the greatest common divisor of 69640 and 305223415.
8705
What is the greatest common factor of 56379484 and 1708?
28
Calculate the greatest common divisor of 109695222 and 79380.
7938
Calculate the greatest common divisor of 97834075 and 1310.
655
Calculate the greatest common factor of 1179724 and 1638364.
2548
What is the greatest common divisor of 50062758 and 12752?
1594
What is the greatest common factor of 530 and 399482730?
530
Calculate the greatest common factor of 156 and 1070424.
12
What is the greatest common divisor of 32276565 and 3105?
45
What is the greatest common factor of 609280 and 11060?
140
What is the greatest common factor of 52065 and 14966055?
585
What is the greatest common divisor of 5934 and 431634?
258
What is the highest common divisor of 15675 and 26703303?
627
What is the highest common factor of 121696608 and 5984?
5984
What is the greatest common factor of 235032 and 34104?
168
Calculate the greatest common factor of 11040 and 12377220.
1380
What is the highest common divisor of 9697628 and 644?
92
What is the highest common factor of 33 and 66944163?
33
Calculate the highest common factor of 40592 and 8880.
16
Calculate the greatest common factor of 4484413 and 59.
59
Calculate the highest common divisor of 13264 and 14576.
16
What is the greatest common divisor of 723670 and 50?
10
Calculate the greatest common factor of 11289572 and 21.
7
Calculate the greatest common divisor of 739655 and 1715.
245
What is the highest common factor of 24056054 and 3437?
491
Calculate the highest common factor of 1456 and 827784776.
728
Calculate the highest common factor of 764478 and 11466.
234
Calculate the highest common factor of 5336 and 25336708.
92
Calculate the highest common divisor of 1215500 and 40500.
500
Calculate the highest common divisor of 133750 